{"id":3002,"date":"2025-07-10T18:19:44","date_gmt":"2025-07-10T18:19:44","guid":{"rendered":"https:\/\/www.gadconcepcion.gob.ec\/?page_id=3002"},"modified":"2025-07-10T18:45:17","modified_gmt":"2025-07-10T18:45:17","slug":"r-cuentas-2023","status":"publish","type":"page","link":"https:\/\/www.gadconcepcion.gob.ec\/?page_id=3002","title":{"rendered":"R.Cuentas 2023"},"content":{"rendered":"\t\t<div data-elementor-type=\"wp-page\" data-elementor-id=\"3002\" class=\"elementor elementor-3002\" data-elementor-post-type=\"page\">\n\t\t\t\t\t\t<section class=\"elementor-section elementor-top-section elementor-element elementor-element-f6089c5 elementor-section-boxed elementor-section-height-default elementor-section-height-default\" data-id=\"f6089c5\" data-element_type=\"section\">\n\t\t\t\t\t\t<div class=\"elementor-container elementor-column-gap-default\">\n\t\t\t\t\t<div class=\"elementor-column elementor-col-100 elementor-top-column elementor-element elementor-element-2ffeea7\" data-id=\"2ffeea7\" data-element_type=\"column\">\n\t\t\t<div class=\"elementor-widget-wrap elementor-element-populated\">\n\t\t\t\t\t\t<div class=\"elementor-element elementor-element-b1a7e9b elementor-widget elementor-widget-text-editor\" data-id=\"b1a7e9b\" data-element_type=\"widget\" data-settings=\"{&quot;ekit_we_effect_on&quot;:&quot;none&quot;}\" data-widget_type=\"text-editor.default\">\n\t\t\t\t<div class=\"elementor-widget-container\">\n\t\t\t\t\t\t\t<p><span style=\"color: #000000;\"><strong>La rendici\u00f3n de cuentas es un proceso mediante el cual quienes toman decisiones sobre la gesti\u00f3n de lo p\u00fablico, cumplen su deber y responsabilidad de explicar, dar a conocer o responder a la ciudadan\u00eda sobre el manejo de lo p\u00fablico y sus resultados logrados:\u00a0La ciudadan\u00eda eval\u00faa dicha gesti\u00f3n o manejo.<\/strong><\/span><\/p>\t\t\t\t\t\t<\/div>\n\t\t\t\t<\/div>\n\t\t\t\t\t<\/div>\n\t\t<\/div>\n\t\t\t\t\t<\/div>\n\t\t<\/section>\n\t\t\t\t<section class=\"elementor-section elementor-top-section elementor-element elementor-element-f5794d9 elementor-section-boxed elementor-section-height-default elementor-section-height-default\" data-id=\"f5794d9\" data-element_type=\"section\">\n\t\t\t\t\t\t<div class=\"elementor-container elementor-column-gap-default\">\n\t\t\t\t\t<div class=\"elementor-column elementor-col-100 elementor-top-column elementor-element elementor-element-8989e4e\" data-id=\"8989e4e\" data-element_type=\"column\">\n\t\t\t<div class=\"elementor-widget-wrap elementor-element-populated\">\n\t\t\t\t\t\t<div class=\"elementor-element elementor-element-25a81a4 elementor-widget elementor-widget-text-editor\" data-id=\"25a81a4\" data-element_type=\"widget\" data-settings=\"{&quot;ekit_we_effect_on&quot;:&quot;none&quot;}\" data-widget_type=\"text-editor.default\">\n\t\t\t\t<div class=\"elementor-widget-container\">\n\t\t\t\t\t\t\t<ul><li><span style=\"text-decoration: underline; color: #000080;\"><strong><a style=\"color: #000080; text-decoration: underline;\" href=\"http:\/\/www.gadconcepcion.gob.ec\/wp-content\/uploads\/2024\/06\/RENDICION-DE-CUENTA-2023-PRESIDENTE.pdf\">RENDICION DE CUENTA 2023 \u2013 PRESIDENTE<\/a><\/strong><\/span><\/li><li><span style=\"text-decoration: underline; color: #000080;\"><strong><a style=\"color: #000080; text-decoration: underline;\" href=\"http:\/\/www.gadconcepcion.gob.ec\/wp-content\/uploads\/2024\/06\/RENDICION-DE-CUENTA-2023-VOCALES.pdf\">RENDICION DE CUENTA 2023 \u2013 VOCALES<\/a><\/strong><\/span><\/li><\/ul><div class=\"swiper-slide swiper-slide-duplicate\" role=\"group\" aria-roledescription=\"slide\" aria-label=\"14 \/ 16\" data-swiper-slide-index=\"13\" aria-hidden=\"true\"><figure class=\"swiper-slide-inner\"><img decoding=\"async\" class=\"swiper-slide-image\" src=\"https:\/\/www.gadconcepcion.gob.ec\/wp-content\/uploads\/2024\/06\/WhatsApp-Image-2024-06-04-at-15.27.17-150x150.jpeg\" alt=\"WhatsApp Image 2024-06-04 at 15.27.17\" \/> <img decoding=\"async\" class=\"swiper-slide-image\" src=\"https:\/\/www.gadconcepcion.gob.ec\/wp-content\/uploads\/2024\/06\/WhatsApp-Image-2024-06-04-at-15.27.18-1-150x150.jpeg\" alt=\"WhatsApp Image 2024-06-04 at 15.27.18 (1)\" \/> <img decoding=\"async\" class=\"swiper-slide-image\" src=\"https:\/\/www.gadconcepcion.gob.ec\/wp-content\/uploads\/2024\/06\/WhatsApp-Image-2024-06-04-at-15.27.18-2-150x150.jpeg\" alt=\"WhatsApp Image 2024-06-04 at 15.27.18 (2)\" \/> <img decoding=\"async\" class=\"swiper-slide-image\" src=\"https:\/\/www.gadconcepcion.gob.ec\/wp-content\/uploads\/2024\/06\/WhatsApp-Image-2024-06-04-at-15.27.16-2-150x150.jpeg\" alt=\"WhatsApp Image 2024-06-04 at 15.27.16 (2)\" \/> <img decoding=\"async\" class=\"swiper-slide-image\" src=\"https:\/\/www.gadconcepcion.gob.ec\/wp-content\/uploads\/2024\/06\/WhatsApp-Image-2024-06-04-at-15.27.16-3-150x150.jpeg\" alt=\"WhatsApp Image 2024-06-04 at 15.27.16 (3)\" \/> <img decoding=\"async\" class=\"swiper-slide-image\" src=\"https:\/\/www.gadconcepcion.gob.ec\/wp-content\/uploads\/2024\/06\/WhatsApp-Image-2024-06-04-at-15.27.16-4-150x150.jpeg\" alt=\"WhatsApp Image 2024-06-04 at 15.27.16 (4)\" \/> <img decoding=\"async\" class=\"swiper-slide-image\" src=\"https:\/\/www.gadconcepcion.gob.ec\/wp-content\/uploads\/2024\/06\/WhatsApp-Image-2024-06-04-at-15.27.16-5-150x150.jpeg\" alt=\"WhatsApp Image 2024-06-04 at 15.27.16 (5)\" \/><\/figure><\/div>\t\t\t\t\t\t<\/div>\n\t\t\t\t<\/div>\n\t\t\t\t\t<\/div>\n\t\t<\/div>\n\t\t\t\t\t<\/div>\n\t\t<\/section>\n\t\t\t\t<section class=\"elementor-section elementor-top-section elementor-element elementor-element-4cf47d7 elementor-section-boxed elementor-section-height-default elementor-section-height-default\" data-id=\"4cf47d7\" data-element_type=\"section\">\n\t\t\t\t\t\t<div class=\"elementor-container elementor-column-gap-default\">\n\t\t\t\t\t<div class=\"elementor-column elementor-col-100 elementor-top-column elementor-element elementor-element-c063f10\" data-id=\"c063f10\" data-element_type=\"column\">\n\t\t\t<div class=\"elementor-widget-wrap elementor-element-populated\">\n\t\t\t\t\t\t<div class=\"elementor-element elementor-element-f1c4867 elementor-widget elementor-widget-spacer\" data-id=\"f1c4867\" data-element_type=\"widget\" data-settings=\"{&quot;ekit_we_effect_on&quot;:&quot;none&quot;}\" data-widget_type=\"spacer.default\">\n\t\t\t\t<div class=\"elementor-widget-container\">\n\t\t\t\t\t<div class=\"elementor-spacer\">\n\t\t\t<div class=\"elementor-spacer-inner\"><\/div>\n\t\t<\/div>\n\t\t\t\t<\/div>\n\t\t\t\t<\/div>\n\t\t\t\t<div class=\"elementor-element elementor-element-4d0c116 elementor-widget elementor-widget-spacer\" data-id=\"4d0c116\" data-element_type=\"widget\" data-settings=\"{&quot;ekit_we_effect_on&quot;:&quot;none&quot;}\" data-widget_type=\"spacer.default\">\n\t\t\t\t<div class=\"elementor-widget-container\">\n\t\t\t\t\t<div class=\"elementor-spacer\">\n\t\t\t<div class=\"elementor-spacer-inner\"><\/div>\n\t\t<\/div>\n\t\t\t\t<\/div>\n\t\t\t\t<\/div>\n\t\t\t\t\t<\/div>\n\t\t<\/div>\n\t\t\t\t\t<\/div>\n\t\t<\/section>\n\t\t\t\t<\/div>\n\t\t","protected":false},"excerpt":{"rendered":"<p>La rendici\u00f3n de cuentas es un proceso mediante el cual quienes toman decisiones sobre la gesti\u00f3n de lo p\u00fablico, cumplen su deber y responsabilidad de explicar, dar a conocer o responder a la ciudadan\u00eda sobre el manejo de lo p\u00fablico y sus resultados logrados:\u00a0La ciudadan\u00eda eval\u00faa dicha gesti\u00f3n o manejo. RENDICION DE CUENTA 2023 \u2013 [&hellip;]<\/p>\n","protected":false},"author":1,"featured_media":0,"parent":0,"menu_order":0,"comment_status":"closed","ping_status":"closed","template":"","meta":{"footnotes":""},"yoast_head":"<!-- This site is optimized with the Yoast SEO Premium plugin v22.7 (Yoast SEO v22.7) - https:\/\/yoast.com\/wordpress\/plugins\/seo\/ -->\n<title>R.Cuentas 2023 - GAD Parroquial Concepci\u00f3n<\/title>\n<meta name=\"robots\" content=\"index, follow, max-snippet:-1, max-image-preview:large, max-video-preview:-1\" \/>\n<link rel=\"canonical\" href=\"https:\/\/www.gadconcepcion.gob.ec\/?page_id=3002\" \/>\n<meta property=\"og:locale\" content=\"es_ES\" \/>\n<meta property=\"og:type\" content=\"article\" \/>\n<meta property=\"og:title\" content=\"R.Cuentas 2023\" \/>\n<meta property=\"og:description\" content=\"La rendici\u00f3n de cuentas es un proceso mediante el cual quienes toman decisiones sobre la gesti\u00f3n de lo p\u00fablico, cumplen su deber y responsabilidad de explicar, dar a conocer o responder a la ciudadan\u00eda sobre el manejo de lo p\u00fablico y sus resultados logrados:\u00a0La ciudadan\u00eda eval\u00faa dicha gesti\u00f3n o manejo. RENDICION DE CUENTA 2023 \u2013 [&hellip;]\" \/>\n<meta property=\"og:url\" content=\"https:\/\/www.gadconcepcion.gob.ec\/?page_id=3002\" \/>\n<meta property=\"og:site_name\" content=\"GAD Parroquial Concepci\u00f3n\" \/>\n<meta property=\"article:modified_time\" content=\"2025-07-10T18:45:17+00:00\" \/>\n<meta property=\"og:image\" content=\"https:\/\/www.gadconcepcion.gob.ec\/wp-content\/uploads\/2024\/06\/WhatsApp-Image-2024-06-04-at-15.27.17-150x150.jpeg\" \/>\n<meta name=\"twitter:card\" content=\"summary_large_image\" \/>\n<meta name=\"twitter:label1\" content=\"Tiempo de lectura\" \/>\n\t<meta name=\"twitter:data1\" content=\"2 minutos\" \/>\n<script type=\"application\/ld+json\" class=\"yoast-schema-graph\">{\"@context\":\"https:\/\/schema.org\",\"@graph\":[{\"@type\":\"WebPage\",\"@id\":\"https:\/\/www.gadconcepcion.gob.ec\/?page_id=3002\",\"url\":\"https:\/\/www.gadconcepcion.gob.ec\/?page_id=3002\",\"name\":\"R.Cuentas 2023 - GAD Parroquial Concepci\u00f3n\",\"isPartOf\":{\"@id\":\"https:\/\/www.gadconcepcion.gob.ec\/#website\"},\"primaryImageOfPage\":{\"@id\":\"https:\/\/www.gadconcepcion.gob.ec\/?page_id=3002#primaryimage\"},\"image\":{\"@id\":\"https:\/\/www.gadconcepcion.gob.ec\/?page_id=3002#primaryimage\"},\"thumbnailUrl\":\"https:\/\/www.gadconcepcion.gob.ec\/wp-content\/uploads\/2024\/06\/WhatsApp-Image-2024-06-04-at-15.27.17-150x150.jpeg\",\"datePublished\":\"2025-07-10T18:19:44+00:00\",\"dateModified\":\"2025-07-10T18:45:17+00:00\",\"breadcrumb\":{\"@id\":\"https:\/\/www.gadconcepcion.gob.ec\/?page_id=3002#breadcrumb\"},\"inLanguage\":\"es\",\"potentialAction\":[{\"@type\":\"ReadAction\",\"target\":[\"https:\/\/www.gadconcepcion.gob.ec\/?page_id=3002\"]}]},{\"@type\":\"ImageObject\",\"inLanguage\":\"es\",\"@id\":\"https:\/\/www.gadconcepcion.gob.ec\/?page_id=3002#primaryimage\",\"url\":\"https:\/\/www.gadconcepcion.gob.ec\/wp-content\/uploads\/2024\/06\/WhatsApp-Image-2024-06-04-at-15.27.17-150x150.jpeg\",\"contentUrl\":\"https:\/\/www.gadconcepcion.gob.ec\/wp-content\/uploads\/2024\/06\/WhatsApp-Image-2024-06-04-at-15.27.17-150x150.jpeg\"},{\"@type\":\"BreadcrumbList\",\"@id\":\"https:\/\/www.gadconcepcion.gob.ec\/?page_id=3002#breadcrumb\",\"itemListElement\":[{\"@type\":\"ListItem\",\"position\":1,\"name\":\"Portada\",\"item\":\"https:\/\/www.gadconcepcion.gob.ec\/\"},{\"@type\":\"ListItem\",\"position\":2,\"name\":\"R.Cuentas 2023\"}]},{\"@type\":\"WebSite\",\"@id\":\"https:\/\/www.gadconcepcion.gob.ec\/#website\",\"url\":\"https:\/\/www.gadconcepcion.gob.ec\/\",\"name\":\"GAD Parroquial Concepci\u00f3n\",\"description\":\"\",\"publisher\":{\"@id\":\"https:\/\/www.gadconcepcion.gob.ec\/#organization\"},\"potentialAction\":[{\"@type\":\"SearchAction\",\"target\":{\"@type\":\"EntryPoint\",\"urlTemplate\":\"https:\/\/www.gadconcepcion.gob.ec\/?s={search_term_string}\"},\"query-input\":\"required name=search_term_string\"}],\"inLanguage\":\"es\"},{\"@type\":\"Organization\",\"@id\":\"https:\/\/www.gadconcepcion.gob.ec\/#organization\",\"name\":\"GAD Parroquial Concepci\u00f3n\",\"url\":\"https:\/\/www.gadconcepcion.gob.ec\/\",\"logo\":{\"@type\":\"ImageObject\",\"inLanguage\":\"es\",\"@id\":\"https:\/\/www.gadconcepcion.gob.ec\/#\/schema\/logo\/image\/\",\"url\":\"https:\/\/www.gadconcepcion.gob.ec\/wp-content\/uploads\/2024\/06\/LOGO-02.png\",\"contentUrl\":\"https:\/\/www.gadconcepcion.gob.ec\/wp-content\/uploads\/2024\/06\/LOGO-02.png\",\"width\":512,\"height\":174,\"caption\":\"GAD Parroquial Concepci\u00f3n\"},\"image\":{\"@id\":\"https:\/\/www.gadconcepcion.gob.ec\/#\/schema\/logo\/image\/\"}}]}<\/script>\n<!-- \/ Yoast SEO Premium plugin. -->","yoast_head_json":{"title":"R.Cuentas 2023 - GAD Parroquial Concepci\u00f3n","robots":{"index":"index","follow":"follow","max-snippet":"max-snippet:-1","max-image-preview":"max-image-preview:large","max-video-preview":"max-video-preview:-1"},"canonical":"https:\/\/www.gadconcepcion.gob.ec\/?page_id=3002","og_locale":"es_ES","og_type":"article","og_title":"R.Cuentas 2023","og_description":"La rendici\u00f3n de cuentas es un proceso mediante el cual quienes toman decisiones sobre la gesti\u00f3n de lo p\u00fablico, cumplen su deber y responsabilidad de explicar, dar a conocer o responder a la ciudadan\u00eda sobre el manejo de lo p\u00fablico y sus resultados logrados:\u00a0La ciudadan\u00eda eval\u00faa dicha gesti\u00f3n o manejo. RENDICION DE CUENTA 2023 \u2013 [&hellip;]","og_url":"https:\/\/www.gadconcepcion.gob.ec\/?page_id=3002","og_site_name":"GAD Parroquial Concepci\u00f3n","article_modified_time":"2025-07-10T18:45:17+00:00","og_image":[{"url":"https:\/\/www.gadconcepcion.gob.ec\/wp-content\/uploads\/2024\/06\/WhatsApp-Image-2024-06-04-at-15.27.17-150x150.jpeg"}],"twitter_card":"summary_large_image","twitter_misc":{"Tiempo de lectura":"2 minutos"},"schema":{"@context":"https:\/\/schema.org","@graph":[{"@type":"WebPage","@id":"https:\/\/www.gadconcepcion.gob.ec\/?page_id=3002","url":"https:\/\/www.gadconcepcion.gob.ec\/?page_id=3002","name":"R.Cuentas 2023 - GAD Parroquial Concepci\u00f3n","isPartOf":{"@id":"https:\/\/www.gadconcepcion.gob.ec\/#website"},"primaryImageOfPage":{"@id":"https:\/\/www.gadconcepcion.gob.ec\/?page_id=3002#primaryimage"},"image":{"@id":"https:\/\/www.gadconcepcion.gob.ec\/?page_id=3002#primaryimage"},"thumbnailUrl":"https:\/\/www.gadconcepcion.gob.ec\/wp-content\/uploads\/2024\/06\/WhatsApp-Image-2024-06-04-at-15.27.17-150x150.jpeg","datePublished":"2025-07-10T18:19:44+00:00","dateModified":"2025-07-10T18:45:17+00:00","breadcrumb":{"@id":"https:\/\/www.gadconcepcion.gob.ec\/?page_id=3002#breadcrumb"},"inLanguage":"es","potentialAction":[{"@type":"ReadAction","target":["https:\/\/www.gadconcepcion.gob.ec\/?page_id=3002"]}]},{"@type":"ImageObject","inLanguage":"es","@id":"https:\/\/www.gadconcepcion.gob.ec\/?page_id=3002#primaryimage","url":"https:\/\/www.gadconcepcion.gob.ec\/wp-content\/uploads\/2024\/06\/WhatsApp-Image-2024-06-04-at-15.27.17-150x150.jpeg","contentUrl":"https:\/\/www.gadconcepcion.gob.ec\/wp-content\/uploads\/2024\/06\/WhatsApp-Image-2024-06-04-at-15.27.17-150x150.jpeg"},{"@type":"BreadcrumbList","@id":"https:\/\/www.gadconcepcion.gob.ec\/?page_id=3002#breadcrumb","itemListElement":[{"@type":"ListItem","position":1,"name":"Portada","item":"https:\/\/www.gadconcepcion.gob.ec\/"},{"@type":"ListItem","position":2,"name":"R.Cuentas 2023"}]},{"@type":"WebSite","@id":"https:\/\/www.gadconcepcion.gob.ec\/#website","url":"https:\/\/www.gadconcepcion.gob.ec\/","name":"GAD Parroquial Concepci\u00f3n","description":"","publisher":{"@id":"https:\/\/www.gadconcepcion.gob.ec\/#organization"},"potentialAction":[{"@type":"SearchAction","target":{"@type":"EntryPoint","urlTemplate":"https:\/\/www.gadconcepcion.gob.ec\/?s={search_term_string}"},"query-input":"required name=search_term_string"}],"inLanguage":"es"},{"@type":"Organization","@id":"https:\/\/www.gadconcepcion.gob.ec\/#organization","name":"GAD Parroquial Concepci\u00f3n","url":"https:\/\/www.gadconcepcion.gob.ec\/","logo":{"@type":"ImageObject","inLanguage":"es","@id":"https:\/\/www.gadconcepcion.gob.ec\/#\/schema\/logo\/image\/","url":"https:\/\/www.gadconcepcion.gob.ec\/wp-content\/uploads\/2024\/06\/LOGO-02.png","contentUrl":"https:\/\/www.gadconcepcion.gob.ec\/wp-content\/uploads\/2024\/06\/LOGO-02.png","width":512,"height":174,"caption":"GAD Parroquial Concepci\u00f3n"},"image":{"@id":"https:\/\/www.gadconcepcion.gob.ec\/#\/schema\/logo\/image\/"}}]}},"_links":{"self":[{"href":"https:\/\/www.gadconcepcion.gob.ec\/index.php?rest_route=\/wp\/v2\/pages\/3002"}],"collection":[{"href":"https:\/\/www.gadconcepcion.gob.ec\/index.php?rest_route=\/wp\/v2\/pages"}],"about":[{"href":"https:\/\/www.gadconcepcion.gob.ec\/index.php?rest_route=\/wp\/v2\/types\/page"}],"author":[{"embeddable":true,"href":"https:\/\/www.gadconcepcion.gob.ec\/index.php?rest_route=\/wp\/v2\/users\/1"}],"replies":[{"embeddable":true,"href":"https:\/\/www.gadconcepcion.gob.ec\/index.php?rest_route=%2Fwp%2Fv2%2Fcomments&post=3002"}],"version-history":[{"count":16,"href":"https:\/\/www.gadconcepcion.gob.ec\/index.php?rest_route=\/wp\/v2\/pages\/3002\/revisions"}],"predecessor-version":[{"id":3064,"href":"https:\/\/www.gadconcepcion.gob.ec\/index.php?rest_route=\/wp\/v2\/pages\/3002\/revisions\/3064"}],"wp:attachment":[{"href":"https:\/\/www.gadconcepcion.gob.ec\/index.php?rest_route=%2Fwp%2Fv2%2Fmedia&parent=3002"}],"curies":[{"name":"wp","href":"https:\/\/api.w.org\/{rel}","templated":true}]}}